hest common divisor of 3249869 and 1393?
1393
Calculate the greatest common divisor of 1056029191 and 257.
257
What is the greatest common divisor of 409902 and 345452?
2578
Calculate the greatest common factor of 11099 and 4532715.
11
What is the highest common divisor of 96 and 18207624?
24
What is the greatest common factor of 84338520 and 24?
24
Calculate the highest common factor of 114798 and 87821.
53
What is the highest common factor of 193968 and 1024618?
898
What is the highest common factor of 5 and 159052535?
5
Calculate the greatest common divisor of 36088 and 332007.
13
What is the highest common factor of 33033 and 555009?
273
Calculate the greatest common divisor of 168 and 2719976280.
168
What is the greatest common divisor of 304251 and 21978?
111
What is the greatest common factor of 42092 and 13226?
34
Calculate the highest common factor of 878369330 and 670.
670
Calculate the greatest common factor of 1185 and 647565.
15
What is the greatest common divisor of 506790 and 360?
90
What is the highest common divisor of 13402173 and 213?
213
Calculate the greatest common factor of 131762672 and 4.
4
What is the greatest common divisor of 405 and 27570915?
135
Calculate the greatest common factor of 664446 and 400118.
74
Calculate the greatest common divisor of 785696 and 1549694.
1142
What is the greatest common divisor of 3047672 and 40?
8
What is the greatest common factor of 3186 and 1036158?
354
Calculate the greatest common factor of 676 and 1487707.
169
What is the highest common divisor of 3253662 and 178?
178
Calculate the greatest common divisor of 452 and 948409.
113
Calculate the highest common divisor of 190594 and 397139.
409
Calculate the greatest common divisor of 3335 and 317338590.
3335
Calculate the highest common divisor of 2200709051 and 29.
29
What is the highest common factor of 1308 and 324411468?
1308
What is the highest common factor of 23783403 and 34891?
943
Calculate the greatest common factor of 697 and 1465298.
17
What is the greatest common factor of 7605 and 252720?
585
Calculate the greatest common divisor of 108 and 18743103.
27
Calculate the greatest common divisor of 110656 and 718276.
988
What is the greatest common factor of 5397 and 174090?
21
What is the highest common factor of 386 and 9828139?
193
Calculate the highest common factor of 3894 and 339722.
118
What is the highest common factor of 820 and 115571538?
82
Calculate the highest common factor of 139054419 and 63.
63
Calculate the greatest common factor of 30504 and 2029992.
984
Calculate the greatest common factor of 784154 and 112.
14
What is the highest common factor of 33015272 and 584?
584
Calculate the highest common divisor of 4522311 and 7204.
1801
Calculate the highest common divisor of 517702 and 20658.
626
Calculate the highest common factor of 1780 and 9032.
4
What is the highest common factor of 8638 and 1324554?
14
What is the highest common factor of 3481520 and 80640?
560
What is the highest common divisor of 1338464 and 15512?
2216
Calculate the greatest common factor of 4 and 168242.
2
What is the greatest common divisor of 1539 and 224067?
57
Calculate the greatest common factor of 1174744 and 184.
8
What is the highest common factor of 106230 and 9540?
30
What is the greatest common divisor of 2490 and 914280?
30
Calculate the greatest common divisor of 348785657 and 11.
11
What is the greatest common factor of 12 and 951114?
6
What is the highest common divisor of 39189472 and 3392?
1696
Calculate the greatest common factor of 112 and 42931952.
112
Calculate the highest common factor of 2173 and 24189836.
2173
Calculate the greatest common divisor of 280 and 792344.
56
Calculate the greatest common divisor of 4172 and 39974018.
2086
What is the highest common divisor of 952 and 21172956?
476
What is the greatest common divisor of 1701411 and 316455?
3723
What is the highest common divisor of 10472 and 44285?
17
Calculate the greatest common divisor of 5228020 and 3490.
3490
Calculate the highest common factor of 2842565 and 3410.
55
What is the highest common factor of 2812216 and 3784?
88
What is the highest common divisor of 38962 and 21154?
14
What is the highest common divisor of 873 and 1212838821?
873
What is the greatest common divisor of 465916 and 3212?
44
What is the greatest common divisor of 1469168 and 208?
16
Calculate the highest common divisor of 5192 and 199904.
8
What is the greatest common factor of 4109 and 7185467?
587
Calculate the greatest common factor of 54337217 and 99880.
2497
What is the highest common divisor of 15942127 and 10409?
1487
What is the highest common factor of 46758465 and 2025?
405
Calculate the highest common factor of 3170 and 186494270.
3170
Calculate the highest common factor of 1788 and 2619276.
12
Calculate the greatest common factor of 1177943 and 7657.
247
What is the greatest common factor of 112549 and 238873?
29
Calculate the highest common factor of 590 and 24746410.
10
Calculate the greatest common divisor of 141 and 1308950.
47
What is the greatest common divisor of 643605 and 960?
15
Calculate the greatest common divisor of 7150110 and 65923.
5071
What is the greatest common factor of 6517 and 146167?
931
What is the greatest common divisor of 4004 and 621166?
182
Calculate the greatest common factor of 60104 and 13201024.
5464
What is the highest common factor of 140225 and 41475?
1975
What is the greatest common divisor of 998527 and 1?
1
What is the highest common factor of 645 and 11223645?
645
Calculate the highest common factor of 2427905536 and 28.
28
What is the greatest common divisor of 26933322 and 1242?
138
What is the greatest common divisor of 166135 and 91635?
745
Calculate the greatest common divisor of 969 and 1970908.
19
Calculate the greatest common divisor of 123525 and 97600.
1525
What is the greatest common divisor of 4 and 4379292?
4
What is the highest common divisor of 3954 and 1017518406?
3954
Calculate the greatest common factor of 3769627 and 106553.
839
What is the highest common divisor of 115197732 and 42444?
4716
Calculate the greatest common divisor of 1567632 and 11448.
24
Calculate the highest common divisor of 1769384 and 8.
8
Calculate the greatest common factor of 120502536 and 22176.
1848
Calculate the highest common divisor of 66762 and 126.
18
Calculate the greatest common factor of 2152408 and 9288.
344
What is the highest common divisor of 6564264 and 9471?
861
Calculate the greatest common factor of 22592005 and 25.
5
Calculate the greatest common factor of 1016389 and 33.
11
What is the greatest common factor of 9926 and 888585446?
9926
Calculate the highest common factor of 31 and 502958260.
31
Calculate the highest common divisor of 1609224 and 312.
24
Calculate the highest common factor of 35757 and 770733.
261
What is the greatest common divisor of 4263 and 7664700?
87
Calculate the greatest common factor of 294801 and 48867.
39
What is the greatest common divisor of 1894 and 16961717?
947
Calculate the highest common factor of 694727403 and 213.
213
What is the highest common factor of 336902 and 146?
2
Calculate the highest common divisor of 40 and 647593424.
8
Calculate the highest common divisor of 541892 and 9022.
26
Calculate the highest common divisor of 31553496 and 1275.
51
Calculate the highest common divisor of 6501524 and 6756.
2252
Calculate the highest common divisor of 4160 and 17911400.
520
What is the greatest common factor of 6664 and 386841868?
3332
What is the greatest common factor of 151986 and 81198?
2082
Calculate the greatest common factor of 22750 and 244636.
14
What is the greatest common factor of 3074445 and 3465?
495
Calculate the greatest common divisor of 1717950 and 6150.
150
Calculate the highest common factor of 6 and 32612526.
6
Calculate the highest common divisor of 26264123 and 34451.
733
Calculate the highest common divisor of 3008 and 97725408.
1504
What is the highest common factor of 316 and 253551527?
79
Calculate the greatest common factor of 1945 and 765438023.
389
What is the highest common factor of 146417482 and 106?
106
What is the highest common factor of 72772254 and 18?
18
Calculate the highest common divisor of 215 and 2210071.
43
What is the high